8429?
28429
List the prime factors of 119.
7, 17
List the prime factors of 1603.
7, 229
What are the prime factors of 7932?
2, 3, 661
What are the prime factors of 38739?
3, 37, 349
List the prime factors of 1997.
1997
What are the prime factors of 248?
2, 31
What are the prime factors of 71?
71
What are the prime factors of 7107?
3, 23, 103
What are the prime factors of 357?
3, 7, 17
What are the prime factors of 60068?
2, 15017
List the prime factors of 6088.
2, 761
List the prime factors of 557.
557
List the prime factors of 6214.
2, 13, 239
List the prime factors of 4634.
2, 7, 331
What are the prime factors of 2066?
2, 1033
What are the prime factors of 68413?
37, 43
What are the prime factors of 5339?
19, 281
List the prime factors of 25986.
2, 3, 61, 71
What are the prime factors of 1250?
2, 5
List the prime factors of 61.
61
What are the prime factors of 23266?
2, 11633
What are the prime factors of 18987?
3, 6329
What are the prime factors of 1518?
2, 3, 11, 23
List the prime factors of 919.
919
List the prime factors of 89.
89
What are the prime factors of 95044?
2, 23761
List the prime factors of 34599.
3, 19, 607
What are the prime factors of 749?
7, 107
List the prime factors of 22628.
2, 5657
List the prime factors of 14991.
3, 19, 263
List the prime factors of 39258.
2, 3, 727
What are the prime factors of 397?
397
List the prime factors of 91421.
11, 8311
What are the prime factors of 896?
2, 7
What are the prime factors of 163990?
2, 5, 23, 31
What are the prime factors of 723?
3, 241
List the prime factors of 5322.
2, 3, 887
List the prime factors of 1120.
2, 5, 7
What are the prime factors of 311?
311
What are the prime factors of 613?
613
List the prime factors of 1445.
5, 17
List the prime factors of 938.
2, 7, 67
What are the prime factors of 940?
2, 5, 47
What are the prime factors of 25247?
25247
What are the prime factors of 980?
2, 5, 7
What are the prime factors of 15716?
2, 3929
What are the prime factors of 169974?
2, 3, 7, 19, 71
List the prime factors of 2175.
3, 5, 29
What are the prime factors of 530?
2, 5, 53
What are the prime factors of 2469?
3, 823
What are the prime factors of 63824?
2, 3989
What are the prime factors of 8146?
2, 4073
What are the prime factors of 45547?
37, 1231
List the prime factors of 1154.
2, 577
What are the prime factors of 1220?
2, 5, 61
What are the prime factors of 146249?
146249
List the prime factors of 452.
2, 113
What are the prime factors of 61145?
5, 7, 1747
List the prime factors of 24155.
5, 4831
What are the prime factors of 7023?
3, 2341
List the prime factors of 847.
7, 11
List the prime factors of 11188.
2, 2797
List the prime factors of 18112.
2, 283
What are the prime factors of 55?
5, 11
What are the prime factors of 11915?
5, 2383
What are the prime factors of 244?
2, 61
What are the prime factors of 56771?
11, 13, 397
List the prime factors of 61252.
2, 15313
List the prime factors of 2596.
2, 11, 59
List the prime factors of 5239.
13, 31
List the prime factors of 15909.
3, 5303
List the prime factors of 32091.
3, 19, 563
What are the prime factors of 9930?
2, 3, 5, 331
What are the prime factors of 57981?
3, 7, 11, 251
List the prime factors of 3173.
19, 167
List the prime factors of 14966.
2, 7, 1069
What are the prime factors of 903?
3, 7, 43
What are the prime factors of 1199?
11, 109
What are the prime factors of 9284?
2, 11, 211
List the prime factors of 3483.
3, 43
What are the prime factors of 2306?
2, 1153
What are the prime factors of 5554?
2, 2777
What are the prime factors of 25977?
3, 7, 1237
What are the prime factors of 911?
911
What are the prime factors of 1096?
2, 137
What are the prime factors of 114645?
3, 5, 7643
List the prime factors of 4213.
11, 383
List the prime factors of 9507.
3, 3169
List the prime factors of 4967.
4967
List the prime factors of 66803.
11, 6073
List the prime factors of 5977.
43, 139
List the prime factors of 4813.
4813
List the prime factors of 981.
3, 109
What are the prime factors of 3674?
2, 11, 167
List the prime factors of 1404.
2, 3, 13
List the prime factors of 1294.
2, 647
What are the prime factors of 34102?
2, 17, 59
List the prime factors of 57.
3, 19
What are the prime factors of 35824?
2, 2239
List the prime factors of 66666.
2, 3, 41, 271
What are the prime factors of 6323?
6323
What are the prime factors of 48898?
2, 23, 1063
List the prime factors of 8797.
19, 463
List the prime factors of 28326.
2, 3, 4721
What are the prime factors of 310?
2, 5, 31
List the prime factors of 38203.
11, 23, 151
List the prime factors of 100063.
47, 2129
List the prime factors of 2748.
2, 3, 229
What are the prime factors of 1419?
3, 11, 43
List the prime factors of 917.
7, 131
List the prime factors of 448.
2, 7
List the prime factors of 1912.
2, 239
List the prime factors of 392.
2, 7
What are the prime factors of 5221?
23, 227
List the prime factors of 8405.
5, 41
List the prime factors of 1818.
2, 3, 101
List the prime factors of 11702.
2, 5851
What are the prime factors of 4507?
4507
List the prime factors of 2569.
7, 367
What are the prime factors of 32761?
181
What are the prime factors of 2412?
2, 3, 67
List the prime factors of 1696.
2, 53
What are the prime factors of 1892?
2, 11, 43
List the prime factors of 131038.
2, 65519
List the prime factors of 493.
17, 29
List the prime factors of 772.
2, 193
What are the prime factors of 4039?
7, 577
What are the prime factors of 33027?
3, 101, 109
List the prime factors of 21178.
2, 10589
List the prime factors of 293.
293
What are the prime factors of 17876?
2, 41, 109
What are the prime factors of 40740?
2, 3, 5, 7, 97
List the prime factors of 3714.
2, 3, 619
What are the prime factors of 163?
163
List the prime factors of 49679.
7, 47, 151
List the prime factors of 62645.
5, 11, 17, 67
List the prime factors of 45309.
3, 11, 1373
What are the prime factors of 946?
2, 11, 43
What are the prime factors of 5936?
2, 7, 53
What are the prime factors of 517?
11, 47
What are the prime factors of 7240?
2, 5, 181
What are the prime factors of 51784?
2, 6473
List the prime factors of 201987.
3, 7481
List the prime factors of 13006.
2, 7, 929
What are the prime factors of 1162?
2, 7, 83
What are the prime factors of 2?
2
What are the prime factors of 1326?
2, 3, 13, 17
List the prime factors of 12647.
12647
List the prime factors of 886.
2, 443
List the prime factors of 11604.
2, 3, 967
What are the prime factors of 45652?
2, 101, 113
List the prime factors of 53369.
83, 643
What are the prime factors of 12573?
3, 11, 127
List the prime factors of 3955.
5, 7, 113
What are the prime factors of 211?
211
List the prime factors of 611.
13, 47
What are the prime factors of 4912?
2, 307
What are the prime factors of 71855?
5, 7, 2053
What are the prime factors of 88?
2, 11
List the prime factors of 9274.
2, 4637
List the prime factors of 8144.
2, 509
What are the prime factors of 15759?
3, 17, 103
List the prime factors of 504.
2, 3, 7
What are the prime factors of 1620?
2, 3, 5
List the prime factors of 364.
2, 7, 13
What are the prime factors of 3941?
7, 563
List the prime factors of 10186.
2, 11, 463
What are the prime factors of 4172?
2, 7, 149
List the prime factors of 113.
113
What are the prime factors of 38160?
2, 3, 5, 53
List the prime factors of 16214.
2, 11, 67
What are the prime factors of 1444?
2, 19
List the prime factors of 247.
13, 19
What are the prime factors of 605?
5, 11
What are the prime factors of 19518?
2, 3, 3253
What are the prime factors of 57107?
57107
List the prime factors of 8868.
2, 3, 739
List the prime factors of 41901.
3, 13967
List the prime factors of 31605.
3, 5, 7, 43
What are the prime factors of 81976?
2, 10247
What are the prime factors of 788?
2, 197
What are the prime factors of 491?
491
List the prime factors of 3285.
3, 5, 73
What are the prime factors of 46259?
167, 277
What are the prime factors of 320?
2, 5
What are the prime factors of 62332?
2, 15583
What are the prime factors of 9882?
2, 3, 61
What are the prime factors of 2177?
7, 311
List the prime factors of 1242.
2, 3, 23
List the prime factors of 28836.
2, 3, 89
List the prime factors of 39313.
39313
List the prime factors of 546.
2, 3, 7, 13
What are the prime facto